{"id":112,"date":"2022-12-18T18:48:38","date_gmt":"2022-12-18T17:48:38","guid":{"rendered":"http:\/\/www.iccx.it\/?page_id=112"},"modified":"2022-12-18T18:48:39","modified_gmt":"2022-12-18T17:48:39","slug":"robkoo","status":"publish","type":"page","link":"https:\/\/www.iccx.it\/index.php\/robkoo\/","title":{"rendered":"Robkoo"},"content":{"rendered":"\n<p>ICCX collabora con Robkoo nel suo debutto europeo in occasione della dodicesima edizione di SoundMiT a Torino Recentemente, il centro interscambio culturale Italia-Cina (ICCX) ha avviato una collaborazione con Robkoo per la presentazione del Wind Synthesizer R1 presso SoundMiT &#8211; International Sound Summit, tenutosi a Torino. <\/p>\n\n\n\n<p>L&#8217;evento ha ricevuto il supporto ufficiale di Italian Trade Agency (ITA) ed ha visto la partecipazione di numerose associazioni incentrate sulla promozione delle tecnologie musicali. Decine di espositori internazionali hanno presenziato, mostrando al pubblico l&#8217;avanguardia del settore della produzione musicale. <\/p>\n\n\n\n<p>Il Wind Synthesizer R1 \u00e8 emerso come uno strumento musicale cinese profondamente innovativo, in grado di affermarsi a livello globale, unendo la funzione di strumento elettronici a fiato a quella di controller MIDI. Grazie alle sue enormi potenzialit\u00e0, ha attirato interesse a livello internazionale, facendosi simbolo dell&#8217;esportazione della scienza, della tecnologia e della cultura cinese. <br>Il design futuristico di R1 si combina perfettamente al suo nucleo legato alle tradizioni cinesi, rappresentato dal campionamento non solo di strumenti come il flauto, il clarinetto, la tromba e il violino, ma anche di strumenti tipicamente cinesi come Erhu, Gudi e Guzheng. Anche il presidente di ICCX Sean White ha presenziato all&#8217;evento, ed ha dichiarato che questo momento rappresenta una fantastica occasione per la promozione di un nuovo prodotto di alta qualit\u00e0 cinese come in precedenza \u00e8 stato per Xiaomi, 5G, DJI e altre produzioni nazionali. <br>ICCX si \u00e8 inoltre detta pronta a promuovere ulteriormente R1 nell&#8217;ambito di premi internazionali, e a sostenere la commercializzazione di prodotti nazionali cinesi nel mondo. Non vediamo l&#8217;ora di scoprire quali altre innovazioni verranno proposte da Robkoo, la quale auspica una futura proficua cooperazione con la Italia e la propria commercializzazione anche in questo mercato.<\/p>\n\n\n\n<p>Oggi presentazione di Robkoo e la tecnologia R1 di produzione nazionale. Oggi la tecnologia dei musicale \u00e8 invitata a partecipare all&#8217;annuale Fiera internazionale degli strumenti musicali di Torino SoundMit in Italia. Questa mostra \u00e8 strettamente correlata alla Francia , Belgio, Canada, Giappone e altri paesi. Come unico marchio nazionale invitato, all&#8217;inaugurazione \u00e8 stato ampiamente apprezzato dai produttori italiani di strumenti musicali e dalle celebrit\u00e0 di Internet. Non vedo l&#8217;ora di mostrare l\u2019ottimo livello della produzione cinese questa volta e far conoscere l\u2019eccellenza del paese \uff01<img loading=\"lazy\" width=\"16\" height=\"16\" src=\"\" alt=\"\u270c\ufe0f\">Robkoo<\/p>\n\n\n\n<figure class=\"wp-block-gallery columns-3 is-cropped\"><ul class=\"blocks-gallery-grid\"><li class=\"blocks-gallery-item\"><figure><img loading=\"lazy\" width=\"536\" height=\"952\" src=\"http:\/\/www.iccx.it\/wp-content\/uploads\/2022\/12\/Robkoo4.jpg\" alt=\"\" data-id=\"119\" data-full-url=\"http:\/\/www.iccx.it\/wp-content\/uploads\/2022\/12\/Robkoo4.jpg\" data-link=\"http:\/\/www.iccx.it\/?attachment_id=119\" class=\"wp-image-119\" srcset=\"https:\/\/www.iccx.it\/wp-content\/uploads\/2022\/12\/Robkoo4.jpg 536w, https:\/\/www.iccx.it\/wp-content\/uploads\/2022\/12\/Robkoo4-169x300.jpg 169w\" sizes=\"(max-width: 536px) 100vw, 536px\" \/><\/figure><\/li><li class=\"blocks-gallery-item\"><figure><img loading=\"lazy\" width=\"643\" height=\"482\" src=\"http:\/\/www.iccx.it\/wp-content\/uploads\/2022\/12\/Robkoo2.jpg\" alt=\"\" data-id=\"117\" data-full-url=\"http:\/\/www.iccx.it\/wp-content\/uploads\/2022\/12\/Robkoo2.jpg\" data-link=\"http:\/\/www.iccx.it\/?attachment_id=117\" class=\"wp-image-117\" srcset=\"https:\/\/www.iccx.it\/wp-content\/uploads\/2022\/12\/Robkoo2.jpg 643w, https:\/\/www.iccx.it\/wp-content\/uploads\/2022\/12\/Robkoo2-300x225.jpg 300w\" sizes=\"(max-width: 643px) 100vw, 643px\" \/><\/figure><\/li><li class=\"blocks-gallery-item\"><figure><img loading=\"lazy\" width=\"643\" height=\"361\" src=\"http:\/\/www.iccx.it\/wp-content\/uploads\/2022\/12\/Robkoo3.jpg\" alt=\"\" data-id=\"118\" data-full-url=\"http:\/\/www.iccx.it\/wp-content\/uploads\/2022\/12\/Robkoo3.jpg\" data-link=\"http:\/\/www.iccx.it\/?attachment_id=118\" class=\"wp-image-118\" srcset=\"https:\/\/www.iccx.it\/wp-content\/uploads\/2022\/12\/Robkoo3.jpg 643w, https:\/\/www.iccx.it\/wp-content\/uploads\/2022\/12\/Robkoo3-300x168.jpg 300w\" sizes=\"(max-width: 643px) 100vw, 643px\" \/><\/figure><\/li><li class=\"blocks-gallery-item\"><figure><img loading=\"lazy\" width=\"643\" height=\"857\" src=\"http:\/\/www.iccx.it\/wp-content\/uploads\/2022\/12\/Robkoo1-2.jpg\" alt=\"\" data-id=\"116\" data-full-url=\"http:\/\/www.iccx.it\/wp-content\/uploads\/2022\/12\/Robkoo1-2.jpg\" data-link=\"http:\/\/www.iccx.it\/?attachment_id=116\" class=\"wp-image-116\" srcset=\"https:\/\/www.iccx.it\/wp-content\/uploads\/2022\/12\/Robkoo1-2.jpg 643w, https:\/\/www.iccx.it\/wp-content\/uploads\/2022\/12\/Robkoo1-2-225x300.jpg 225w\" sizes=\"(max-width: 643px) 100vw, 643px\" \/><\/figure><\/li><\/ul><\/figure>\n\n\n\n<p><\/p>\n","protected":false},"excerpt":{"rendered":"<p>ICCX collabora con Robkoo nel suo debutto europeo in occasione della dodicesima edizione di SoundMiT a Torino Recentemente, il centro interscambio culturale Italia-Cina (ICCX) ha avviato una collaborazione con Robkoo per la presentazione del Wind Synthesizer R1 presso SoundMiT &#8211; International Sound Summit, tenutosi a Torino. L&#8217;evento ha ricevuto il supporto ufficiale di Italian Trade &hellip;<\/p>\n<p class=\"read-more\"> <a class=\"\" href=\"https:\/\/www.iccx.it\/index.php\/robkoo\/\"> <span class=\"screen-reader-text\">Robkoo<\/span> Leggi altro &raquo;<\/a><\/p>\n","protected":false},"author":1,"featured_media":0,"parent":0,"menu_order":0,"comment_status":"closed","ping_status":"closed","template":"","meta":[],"_links":{"self":[{"href":"https:\/\/www.iccx.it\/index.php\/wp-json\/wp\/v2\/pages\/112"}],"collection":[{"href":"https:\/\/www.iccx.it\/index.php\/wp-json\/wp\/v2\/pages"}],"about":[{"href":"https:\/\/www.iccx.it\/index.php\/wp-json\/wp\/v2\/types\/page"}],"author":[{"embeddable":true,"href":"https:\/\/www.iccx.it\/index.php\/wp-json\/wp\/v2\/users\/1"}],"replies":[{"embeddable":true,"href":"https:\/\/www.iccx.it\/index.php\/wp-json\/wp\/v2\/comments?post=112"}],"version-history":[{"count":1,"href":"https:\/\/www.iccx.it\/index.php\/wp-json\/wp\/v2\/pages\/112\/revisions"}],"predecessor-version":[{"id":120,"href":"https:\/\/www.iccx.it\/index.php\/wp-json\/wp\/v2\/pages\/112\/revisions\/120"}],"wp:attachment":[{"href":"https:\/\/www.iccx.it\/index.php\/wp-json\/wp\/v2\/media?parent=112"}],"curies":[{"name":"wp","href":"https:\/\/api.w.org\/{rel}","templated":true}]}}