{"id":136,"date":"2024-01-18T11:25:12","date_gmt":"2024-01-18T10:25:12","guid":{"rendered":"http:\/\/www.iccx.it\/?page_id=136"},"modified":"2024-01-18T11:33:41","modified_gmt":"2024-01-18T10:33:41","slug":"la-poetessa-cinese-hei-wen-in-italiano","status":"publish","type":"page","link":"https:\/\/www.iccx.it\/index.php\/collaborazioni\/la-poetessa-cinese-hei-wen-in-italiano\/","title":{"rendered":"La poetessa cinese Hei Wen in italiano"},"content":{"rendered":"\n<p>La poetessa cinese Hei Wen fa il suo ingresso nel mondo letterario europeo con la sua raccolta di poesie \u201cPoesia \u201cCeleste\u201d <\/p>\n\n\n\n<p>La poetessa cinese Hei Wen sta per essere pubblicata per la prima volta in Europa da un editore italiano con la sua raccolta di poesie, \u201cPoesia Celeste\u201d, tradotta da Francesco Deluca. <br>Il libro \u00e8 inoltre consigliato dal Centro per l&#8217;interscambio e la Promozione culturale Italia-Cina (ICCX). <br>Da mille anni a questa parte, \u00e8 la prima poetessa cinese a riscrivere i tre regni pi\u00f9 importanti della storia umana: inferno, purgatorio e paradiso. <br>Lei \u00e8 Hei Wen, che usa la sua immaginazione e il suo talento unici per riflettere le sue emozioni vere e profonde in questi tre spazi. Cos\u00ec come il simbolo poetico della reincarnazione le consente di sviluppare il mistero e la leggenda dell\u2019immortalit\u00e0, ella unisce dolore e gioia sul piano onirico, sublima la poesia in una dimensione senza tempo. <\/p>\n\n\n\n<p>Attualmente \u00e8 l&#8217;unica poetessa orientale ad essere veramente entrata nel mondo letterario internazionale con la sua poesia. <br>Durante la traduzione di questo libro in Italia, \u00e8 stata definita dai media e dai critici italiani una poetessa asiatica geniale, dal talento poetico innato. <br>\u201cPoesia Celeste\u201d ha come punto di partenza l&#8217;esperienza di vita di Hei Wen; attraverso il rimorso e il dolore provati verso i genitori e il fratello, morti prematuramente, la scrittura vivida e delicata rivela la complessit\u00e0 misteriosa della vita e delle emozioni. <\/p>\n\n\n\n<p>Attraversando difficolt\u00e0 e solitudine, esprime l&#8217;amore profondo e nascosto, l&#8217;affetto familiare, l&#8217;amicizia, la separazione, il distacco, la disperazione, lo Zen, la morte, i sogni, la redenzione e l&#8217;esperienza del poeta nel mondo parallelo dell\u2019anima, toccando anche concetti di astronomia, fisica, misticismo, e le idee fondamentali del buddismo Zen. <br>Le poesie di Hei Wen abbracciano il terrore dell&#8217;inferno, il conforto del paradiso e le prove del purgatorio, nel racconto del vagare di un\u2019anima solitaria nel mondo. L\u2019interpretazione della teologia e della letteratura classica attraverso gli occhi della poesia, le numerose allusioni storiche, le metafore e i simboli contenuti nell&#8217;opera, ne rappresentano le caratteristiche distintive. <\/p>\n\n\n\n<p>La qualit\u00e0 artistica e i concetti teologici vanno oltre la poesia moderna del panorama attuale, incorporando all\u2019interno dell\u2019opera di Hei Wen anche le bestie mitiche e l&#8217;oscurit\u00e0 dei tempi antichi. Questa imperdibile raccolta poetica si imporr\u00e0 come uno dei pi\u00f9 importanti volumi nella storia della poesia cinese.<\/p>\n\n\n\n<figure class=\"wp-block-image size-large\"><img loading=\"lazy\" width=\"978\" height=\"1024\" src=\"http:\/\/www.iccx.it\/wp-content\/uploads\/2024\/01\/immagine-978x1024.png\" alt=\"\" class=\"wp-image-137\" srcset=\"https:\/\/www.iccx.it\/wp-content\/uploads\/2024\/01\/immagine-978x1024.png 978w, https:\/\/www.iccx.it\/wp-content\/uploads\/2024\/01\/immagine-287x300.png 287w, https:\/\/www.iccx.it\/wp-content\/uploads\/2024\/01\/immagine-768x804.png 768w, https:\/\/www.iccx.it\/wp-content\/uploads\/2024\/01\/immagine.png 1125w\" sizes=\"(max-width: 978px) 100vw, 978px\" \/><figcaption>La poetessa Hei Wen<\/figcaption><\/figure>\n\n\n\n<figure class=\"wp-block-image size-large\"><img loading=\"lazy\" width=\"731\" height=\"1024\" src=\"http:\/\/www.iccx.it\/wp-content\/uploads\/2024\/01\/immagine-1-731x1024.png\" alt=\"\" class=\"wp-image-139\" srcset=\"https:\/\/www.iccx.it\/wp-content\/uploads\/2024\/01\/immagine-1-731x1024.png 731w, https:\/\/www.iccx.it\/wp-content\/uploads\/2024\/01\/immagine-1-214x300.png 214w, https:\/\/www.iccx.it\/wp-content\/uploads\/2024\/01\/immagine-1-768x1075.png 768w, https:\/\/www.iccx.it\/wp-content\/uploads\/2024\/01\/immagine-1-1097x1536.png 1097w, https:\/\/www.iccx.it\/wp-content\/uploads\/2024\/01\/immagine-1.png 1280w\" sizes=\"(max-width: 731px) 100vw, 731px\" \/><\/figure>\n\n\n\n<figure class=\"wp-block-image size-large\"><img loading=\"lazy\" width=\"513\" height=\"1024\" src=\"http:\/\/www.iccx.it\/wp-content\/uploads\/2024\/01\/immagine-2-513x1024.png\" alt=\"\" class=\"wp-image-140\" srcset=\"https:\/\/www.iccx.it\/wp-content\/uploads\/2024\/01\/immagine-2-513x1024.png 513w, https:\/\/www.iccx.it\/wp-content\/uploads\/2024\/01\/immagine-2-150x300.png 150w, https:\/\/www.iccx.it\/wp-content\/uploads\/2024\/01\/immagine-2-768x1533.png 768w, https:\/\/www.iccx.it\/wp-content\/uploads\/2024\/01\/immagine-2-770x1536.png 770w, https:\/\/www.iccx.it\/wp-content\/uploads\/2024\/01\/immagine-2.png 1026w\" sizes=\"(max-width: 513px) 100vw, 513px\" \/><\/figure>\n\n\n\n<figure class=\"wp-block-image size-large\"><img loading=\"lazy\" width=\"576\" height=\"1024\" src=\"http:\/\/www.iccx.it\/wp-content\/uploads\/2024\/01\/immagine-3-576x1024.png\" alt=\"\" class=\"wp-image-141\" srcset=\"https:\/\/www.iccx.it\/wp-content\/uploads\/2024\/01\/immagine-3-576x1024.png 576w, https:\/\/www.iccx.it\/wp-content\/uploads\/2024\/01\/immagine-3-169x300.png 169w, https:\/\/www.iccx.it\/wp-content\/uploads\/2024\/01\/immagine-3-768x1365.png 768w, https:\/\/www.iccx.it\/wp-content\/uploads\/2024\/01\/immagine-3-864x1536.png 864w, https:\/\/www.iccx.it\/wp-content\/uploads\/2024\/01\/immagine-3.png 1080w\" sizes=\"(max-width: 576px) 100vw, 576px\" \/><\/figure>\n","protected":false},"excerpt":{"rendered":"<p>La poetessa cinese Hei Wen fa il suo ingresso nel mondo letterario europeo con la sua raccolta di poesie \u201cPoesia \u201cCeleste\u201d La poetessa cinese Hei Wen sta per essere pubblicata per la prima volta in Europa da un editore italiano con la sua raccolta di poesie, \u201cPoesia Celeste\u201d, tradotta da Francesco Deluca. Il libro \u00e8 &hellip;<\/p>\n<p class=\"read-more\"> <a class=\"\" href=\"https:\/\/www.iccx.it\/index.php\/collaborazioni\/la-poetessa-cinese-hei-wen-in-italiano\/\"> <span class=\"screen-reader-text\">La poetessa cinese Hei Wen in italiano<\/span> Leggi altro &raquo;<\/a><\/p>\n","protected":false},"author":1,"featured_media":0,"parent":128,"menu_order":0,"comment_status":"closed","ping_status":"closed","template":"","meta":[],"_links":{"self":[{"href":"https:\/\/www.iccx.it\/index.php\/wp-json\/wp\/v2\/pages\/136"}],"collection":[{"href":"https:\/\/www.iccx.it\/index.php\/wp-json\/wp\/v2\/pages"}],"about":[{"href":"https:\/\/www.iccx.it\/index.php\/wp-json\/wp\/v2\/types\/page"}],"author":[{"embeddable":true,"href":"https:\/\/www.iccx.it\/index.php\/wp-json\/wp\/v2\/users\/1"}],"replies":[{"embeddable":true,"href":"https:\/\/www.iccx.it\/index.php\/wp-json\/wp\/v2\/comments?post=136"}],"version-history":[{"count":2,"href":"https:\/\/www.iccx.it\/index.php\/wp-json\/wp\/v2\/pages\/136\/revisions"}],"predecessor-version":[{"id":144,"href":"https:\/\/www.iccx.it\/index.php\/wp-json\/wp\/v2\/pages\/136\/revisions\/144"}],"up":[{"embeddable":true,"href":"https:\/\/www.iccx.it\/index.php\/wp-json\/wp\/v2\/pages\/128"}],"wp:attachment":[{"href":"https:\/\/www.iccx.it\/index.php\/wp-json\/wp\/v2\/media?parent=136"}],"curies":[{"name":"wp","href":"https:\/\/api.w.org\/{rel}","templated":true}]}}